q a multiple of 10?
False
Is ((-1)/(-2))/((18/(-788))/(-9)) a multiple of 6?
False
Let q be (-13)/39 + (-20)/(-6). Suppose q*s + 5 = 35. Let c(o) = -o**3 + 12*o**2 - 13*o - 12. Is c(s) a multiple of 16?
False
Let g(w) = w**2 - 2*w + 16. Let y be g(9). Let p = y + -5. Does 20 divide p?
False
Let u be 204/10 - 22/55. Let h be (-2)/5 - (-1308)/u. Suppose -h = -4*g - g. Does 13 divide g?
True
Suppose -5 = 5*n - 25. Suppose 4*w - 20 = 4*r, r - 20 = -n*w - 2*r. Suppose -4*o + w*g + 61 = 0, 2*o - 55 = -3*o + 2*g. Does 4 divide o?
False
Suppose 660*x - 31980 = 648*x. Is 16 a factor of x?
False
Let r = -5 + 3. Let s = r - -4. Suppose 0 = 5*m - 2*q - 252, -s*m + 5*q + 43 = -62. Is m a multiple of 10?
True
Let d(w) = -w + 15. Let x be d(11). Does 32 divide 4 + ((-276)/(-15))/(x/10)?
False
Suppose 32 = -4*s + 2*s. Suppose -54*u = -49*u - 5. Does 35 divide 420/s*(-5 + u)?
True
Let t(l) = 31*l**3 - 2*l**2 + l. Let u(a) = a**3 - 4*a**2 + 2*a + 2. Let c be u(4). Let k = 11 - c. Does 15 divide t(k)?
True
Let w be (-2)/(-2)*-1 + -3. Is (-440)/(-15)*(-6)/w a multiple of 12?
False
Let w be (2 - (-15)/(-3)) + 5. Suppose 16 = -w*j + 3*j. Suppose 0 = x - j - 3. Does 8 divide x?
False
Let c = 3810 - 2670. Does 57 divide c?
True
Let k = -122 - -77. Let p = k + 55. Is 4 a factor of p?
False
Suppose -62*w + 4881 = 1533. Is 9 a factor of w?
True
Is -106*((-3)/3 + 5/10) a multiple of 5?
False
Let u = -619 - -1384. Does 17 divide u?
True
Is (-1)/(-5) - 4/(200/(-19690)) a multiple of 17?
False
Let p = -769 + 1699. Does 30 divide p?
True
Let y be 3/2*(0 - 2). Let w = 31 + y. Is 11 a factor of w?
False
Suppose -9*d + 8258 = -15304. Is d a multiple of 22?
True
Suppose 4*f - 2*u - 324 = 0, u + 76 = -4*f + 394. Does 14 divide (1332/15 + 0)/(24/f)?
False
Suppose 1 = -b - 6. Is (b - -5) + (-1 - -27) a multiple of 8?
True
Let w(u) = -5*u + 3. Suppose 5*a = 8*a. Suppose h = -b - 4, 0 = -a*h - h - 1. Does 10 divide w(b)?
False
Let m = 52 - -594. Is 17 a factor of m?
True
Let y be 4/20 + (-48)/(-10). Let t = y + 18. Let l = t + -9. Is l a multiple of 7?
True
Let u(o) = -o**2 + o + 14. Suppose -6*k + 4*k = 0. Let m be u(k). Suppose 0 = z + 2 - m. Is z a multiple of 6?
True
Suppose -6*p + 54 = 6. Suppose p = 2*l - l + 2*b, -5*b + 47 = 4*l. Does 11 divide l?
False
Suppose 2*s = 4*p + 390, -12*p = 5*s - 13*p - 1002. Is 67 a factor of s?
True
Let j = -59 + 49. Let p = 9 + -6. Is 3 a factor of p*(-2)/3 - j?
False
Let m = 43 - 40. Suppose m*v + 59 = j, 0 = -j - 0*j + 2*v + 58. Is j a multiple of 7?
True
Suppose -395*w = -397*w + 2226. Is w a multiple of 13?
False
Let u(p) = -2 + 3 + 7*p - 3*p - 30*p. Is u(-13) a multiple of 24?
False
Let v be (7 + 2)/((-30)/(-40)). Suppose 0 = 2*t - 2*w - 16, 3*t - v = 2*t + 3*w. Suppose -y - 285 = -t*y. Is 24 a factor of y?
False
Let h be (-3 - 2)/(10/(-12)). Suppose 4*n + 5*a + 19 = 3*n, -2*n - 26 = 4*a. Let f = h - n. Does 12 divide f?
False
Suppose 990 = 7*g - 3994. Is g a multiple of 70?
False
Let q = -17 - -22. Let t be -30*q/((-50)/(-4)). Is 19 a factor of t/(-8) - (-147)/6?
False
Let q(p) be the second derivative of -p**5/20 - p**4/3 + p**3/6 + 2*p**2 - 4*p. Let n be q(-4). Suppose n = f + 1, -3*h = f - 2*f - 31. Is h a multiple of 5?
True
Suppose -p - 18 = -5*g, 11 = 4*g - 9. Does 15 divide p/((-1)/(-17) - 0)?
False
Let a(c) = c**2 + 10*c + 145. Is 44 a factor of a(-15)?
True
Let c = -25 + 23. Let v be (-12)/(-16)*(c - -62). Suppose 4*g - v = 39. Is 11 a factor of g?
False
Let b be 1/(4/48*-2). Let d be 2 - (1*b - -3). Suppose v - d*k - 10 = 0, 44 = 4*v - v - k. Is 3 a factor of v?
True
Suppose j + 3*l - 27 = 5, 0 = -3*l - 15. Does 5 divide j?
False
Let w(p) = 4*p + 28. Let f be w(-6). Suppose 0*z = -5*z + 25. Suppose -3*b - f*d = 2*b - 397, -z*b + 413 = -4*d. Is b a multiple of 27?
True
Suppose 10*v = 8*v + 6. Let p be 3 + (-12)/v + 134. Suppose p = 4*x + j, 5*x - 2*j - 52 = 98. Does 8 divide x?
True
Let g(s) = 4 + 7*s - 2 + 0*s. Let x be g(8). Suppose -4*p + x = -90. Is p a multiple of 15?
False
Suppose 0 = -5*d + 25, 4*n + 2*d = -0*d + 110. Let k = n + -24. Let o(h) = 28*h**2. Is o(k) a multiple of 13?
False
Let x(i) = -i**2 + 8*i - 6. Let r be x(6). Let v be 361 + -3 + 0 + r. Suppose 3*f - v = -4*f. Is f a multiple of 10?
False
Suppose -10*k = -6938 - 1492. Is k a multiple of 33?
False
Let j be -3*(-1 + (2 - -2)). Does 16 divide (-2604)/(-54) + 2/j?
True
Does 13 divide 6/((-6)/(-1))*83?
False
Suppose 4 = b, 3*v - b - 101 = -0*b. Let u = v + 15. Is 17 a factor of u?
False
Suppose -2*q - 326 - 146 = -5*w, -4*w - 3*q = -396. Is w a multiple of 3?
True
Let j = 38 - 137. Let o = j + 224. Is 37 a factor of o?
False
Let k = 407 + 148. Suppose 5*g - k = 3*c + 2*c, 0 = -5*g - 4*c + 582. Suppose -i + 2*s - 12 = -g, 234 = 2*i + 2*s. Is i a multiple of 28?
True
Let d be (-76)/(-8) - (-9)/(-6). Let r(q) = q**3 - 8*q**2 + 4*q - 12. Let o be r(8). Suppose -d - o = -4*n. Is n a multiple of 7?
True
Let d(n) = -n**3 - 8*n**2 - 8*n - 5. Let w be d(-7). Let o(t) = 2*t + 2. Let r be o(w). Is (-12)/(-8)*104/r a multiple of 10?
False
Suppose -2*x - 3*v + 116 - 9 = 0, -12 = -4*v. Does 7 divide x?
True
Let n(j) = -j. Let i(q) = -3*q**2 + 3*q + 5. Let b(u) = -i(u) + 6*n(u). Let k(t) = 3*t**2 - 8*t - 6. Let o(v) = -3*b(v) + 4*k(v). Does 12 divide o(5)?
False
Let a(m) = 26*m - 124. Does 52 divide a(15)?
False
Let o(c) = -c**2 + 6*c - 5. Let h be o(6). Let x = h - -18. Does 5 divide x?
False
Suppose -4*t - o = -12 - 17, -4*t - 2*o = -26. Suppose t*w = -2*x + 4*w + 324, 5*x - 796 = -3*w. Does 15 divide x?
False
Let c = -7 + 10. Suppose -c*j = -5*j. Suppose 0 = -j*v - 2*v + 174. Is 32 a factor of v?
False
Suppose 5*z - 2264 = 5*c + 4691, -4*z = 16. Is 10 a factor of ((-2)/(-6))/((-15)/c)?
False
Let b(g) = -46*g - 3. Let u be b(2). Let x = -6 - u. Does 6 divide x?
False
Suppose x = -3*x + 5*x. Suppose x = -3*k + 70 - 49. Does 3 divide k?
False
Let j be ((1 - 0) + -2)*-21. Let n = j - 19. Suppose 265 = 5*g - 5*s, 0 = -g + s + n*s + 47. Is 22 a factor of g?
False
Let r(h) = -h**3 + 7*h**2 - 6*h + 7. Let n be r(6). Let x = n - 13. Let o(a) = a**2 + 4. Does 20 divide o(x)?
True
Let y = -23 + 0. Let k = y + 63. Is k a multiple of 8?
True
Suppose 4*n = 231 + 197. Is 66 a factor of n?
False
Suppose -4*l = 3*r + 98, 5*l = 3*r + 15 + 38. Let t = r - -13. Does 23 divide 2/t + 4792/52?
True
Let t = 24 - -4. Suppose 27 - 90 = -3*z. Let y = t - z. Is 3 a factor of y?
False
Suppose z + z = 0. Suppose 3*g = -3*x + 5*x + 4, 3*x - 13 = -5*g. Suppose y + 5*f - 21 = 0, g*y = -z*y + f + 20. Is y a multiple of 11?
True
Let r be (-6)/(-2) - 6/(-2). Suppose 5*w = -3*n + r, 5 = 2*w - n - 4. Let h = w + 3. Does 3 divide h?
True
Suppose -l - 3 = -6. Suppose 6*d + 126 = 4*x + l*d, d - 58 = -2*x. Is 5 a factor of x?
True
Let y = 709 - 478. Is 9 a factor of y?
False
Suppose -3*t = -6, 2*t - 334 = -5*c + 1095. Is 15 a factor of c?
True
Suppose 3*c - 264 - 977 = t, -3*t - 839 = -2*c. Let s = c + -244. Does 12 divide s?
True
Let d(p) be the third derivative of p**7/504 - p**6/180 - p**5/20 - 11*p**4/24 - 9*p**2. Let u(j) be the second derivative of d(j). Is u(-3) a multiple of 13?
False
Suppose 2*o - 5*j + 90 = 0, 0*j - 120 = 4*o + 5*j. Let x = 1 - o. Does 18 divide x?
True
Let t = -539 + 908. Does 41 divide t?
True
Suppose 4*h - 92 = 2*f - 368, 715 = 5*f - 5*h. Is 37 a factor of f?
True
Let w = -361 + 817. Is 35 a factor of w?
False
Let p(x) = x**2 + 5*x + 6. Suppose 2*k + 2*r + 23 = -r, -r + 15 = -5*k. Let c be p(k). Is 5 a factor of c + -5 - (-36)/1?
False
Let y = -1159 + 2050. Is 15 a factor of y?
False
Suppose -5*q + 2*k + 510 = -3*k, 5*q + 5*k = 470. Suppose -3*a - 17 = -q. Suppose 1 + a = o. Does 14 divide o?
True
Let o be (3 - (-20)/(-8))/((-1)/(-6)). Suppose o*s = 12*s - 675. Is s a multiple of 5?
True
Is (-442)/((-8)/36*3) a multiple of 51?
True
Suppose -2*q - 4 = -6*q, 0 = 4*g + 2*q - 402. Is 2 a factor of g?
True
Suppose -73 = -2*y + 241. Is 14 a factor of y - 1/(2/6)?
True
Suppose 3*n - 14 = 10. Does 5 divide ((-36)/n)/(3/(-8))?
False
Let u(f) = 2*f**2 + 14*f + 10. Let w be 2/(4*4/24). Suppose w*k + 2*c + 3 = -14, 3*c + 21 = -4*k. Does 26 divide u(k)?
False
Let u(m) = -11*m - 1. Let j(k) = -k**3 + k**2 - k - 17. Let b be j(0). Let f = b - -12. Does 18 divide u(f)?
True
Suppose -12*t + 13888